{"id":61,"date":"2020-04-20T19:46:25","date_gmt":"2020-04-20T17:46:25","guid":{"rendered":"http:\/\/viajesthessalia.com\/?page_id=61"},"modified":"2024-01-16T16:19:50","modified_gmt":"2024-01-16T15:19:50","slug":"spots-tv","status":"publish","type":"page","link":"http:\/\/viajesthessalia.com\/index.php\/spots-tv\/","title":{"rendered":"SPOTS TV"},"content":{"rendered":"\n<h2>Vuelve a visualizar aqu\u00ed todos los anuncios que las compa\u00f1\u00edas y los destinos promocionan en televisi\u00f3n \ud83d\udcfa\ud83d\udcf2<\/h2>\n\n\n\n<figure class=\"wp-block-video\"><video controls src=\"http:\/\/viajesthessalia.com\/wp-content\/uploads\/2024\/01\/Y2meta.app-Costa-Cruceros-Campaign-2024-Live-your-Wonder-Todo-Incluido-30_-1080p.mp4\"><\/video><figcaption><strong>COSTA CRUCEROS<\/strong> &#8211; <strong>Enero 2024<\/strong><\/figcaption><\/figure>\n\n\n\n<figure class=\"wp-block-video\"><video controls src=\"https:\/\/viajesthessalia.com\/wp-content\/uploads\/2024\/01\/y2save.net-WORLD-CRUISE-2024-A-BORDO-DE-MSC-POESIA.mp4\"><\/video><figcaption><strong>MSC CRUCEROS &#8211; Vuelta al mundo 2024<\/strong><\/figcaption><\/figure>\n\n\n\n<figure class=\"wp-block-video\"><video controls src=\"http:\/\/viajesthessalia.com\/wp-content\/uploads\/2020\/11\/Nueva-campa\u00f1a-de-Costa-Cruceros-septiembre-2020.mp4\"><\/video><figcaption><strong>COSTA CRUCEROS<\/strong> &#8211; <strong>Septiembre&nbsp;2020<\/strong><\/figcaption><\/figure>\n\n\n\n<figure class=\"wp-block-video aligncenter\"><video controls src=\"http:\/\/viajesthessalia.com\/wp-content\/uploads\/2020\/05\/El-ma\u00f1ana-es-para-todos-nosotros.mp4\"><\/video><figcaption><strong>MSC CRUCEROS &#8211; El ma\u00f1ana es para todos nosotros (2020)<\/strong><\/figcaption><\/figure>\n\n\n\n<figure class=\"wp-block-video aligncenter\"><video controls src=\"http:\/\/viajesthessalia.com\/wp-content\/uploads\/2020\/04\/Aborda-Islandia-y-las-Islas-Feroe-con-Pullmantur.mp4\"><\/video><figcaption><strong>PULLMANTUR &#8211; Crucero Islandia e Islas Feroe (2019)<\/strong><\/figcaption><\/figure>\n\n\n\n<figure class=\"wp-block-video aligncenter\"><video controls src=\"http:\/\/viajesthessalia.com\/wp-content\/uploads\/2020\/04\/Anuncio-Semana-Magica-Disneyland-Paris-2020.mp4\"><\/video><figcaption><strong>DISNEYLAND PAR\u00cdS &#8211; Semana M\u00e1gica 2020<\/strong><\/figcaption><\/figure>\n\n\n\n<figure class=\"wp-block-video aligncenter\"><video controls src=\"http:\/\/viajesthessalia.com\/wp-content\/uploads\/2020\/04\/Spot-Costa-Crociere-2019-con-Pen\u00e9lope-Cruz-60-Bienvenidos-a-la-felicidad-al-cuadrado.mp4\"><\/video><figcaption><strong>COSTA CRUCEROS &#8211; Felicidad al cuadrado (2019)<\/strong><\/figcaption><\/figure>\n\n\n\n<figure class=\"wp-block-video aligncenter\"><video controls src=\"http:\/\/viajesthessalia.com\/wp-content\/uploads\/2020\/04\/Vive-Andaluc\u00eda-en-Verano-Spot-Verano-2019-.mp4\"><\/video><figcaption><strong>ANDALUC\u00cdA &#8211; Vive Andaluc\u00eda Verano 2019<\/strong><\/figcaption><\/figure>\n","protected":false},"excerpt":{"rendered":"<p>Vuelve a visualizar aqu\u00ed todos los anuncios que las compa\u00f1\u00edas y los destinos promocionan en televisi\u00f3n \ud83d\udcfa\ud83d\udcf2<\/p>\n","protected":false},"author":1,"featured_media":247,"parent":0,"menu_order":0,"comment_status":"closed","ping_status":"closed","template":"","meta":[],"_links":{"self":[{"href":"http:\/\/viajesthessalia.com\/index.php\/wp-json\/wp\/v2\/pages\/61"}],"collection":[{"href":"http:\/\/viajesthessalia.com\/index.php\/wp-json\/wp\/v2\/pages"}],"about":[{"href":"http:\/\/viajesthessalia.com\/index.php\/wp-json\/wp\/v2\/types\/page"}],"author":[{"embeddable":true,"href":"http:\/\/viajesthessalia.com\/index.php\/wp-json\/wp\/v2\/users\/1"}],"replies":[{"embeddable":true,"href":"http:\/\/viajesthessalia.com\/index.php\/wp-json\/wp\/v2\/comments?post=61"}],"version-history":[{"count":13,"href":"http:\/\/viajesthessalia.com\/index.php\/wp-json\/wp\/v2\/pages\/61\/revisions"}],"predecessor-version":[{"id":1101,"href":"http:\/\/viajesthessalia.com\/index.php\/wp-json\/wp\/v2\/pages\/61\/revisions\/1101"}],"wp:featuredmedia":[{"embeddable":true,"href":"http:\/\/viajesthessalia.com\/index.php\/wp-json\/wp\/v2\/media\/247"}],"wp:attachment":[{"href":"http:\/\/viajesthessalia.com\/index.php\/wp-json\/wp\/v2\/media?parent=61"}],"curies":[{"name":"wp","href":"https:\/\/api.w.org\/{rel}","templated":true}]}}