{"id":70,"date":"2020-04-20T20:10:26","date_gmt":"2020-04-20T18:10:26","guid":{"rendered":"http:\/\/viajesthessalia.com\/?page_id=70"},"modified":"2024-07-26T17:12:14","modified_gmt":"2024-07-26T15:12:14","slug":"informacion-covid-19","status":"publish","type":"page","link":"http:\/\/viajesthessalia.com\/index.php\/informacion-covid-19\/","title":{"rendered":"Horario de oficina en verano \ud83d\udc9c\u2708"},"content":{"rendered":"\n<p class=\"has-large-font-size\"><strong>\u00a1<\/strong>P\u00eddenos cita previa! <\/p>\n\n\n\n<p class=\"has-medium-font-size\">Durante los meses de Julio y Agosto estamos activos de forma telem\u00e1tica y lo hacemos atendi\u00e9ndote, de lunes a viernes, a trav\u00e9s de nuestros habituales canales de comunicaci\u00f3n: tel\u00e9fono y whatsapp (622 114 460) y email (agencia@viajesthessalia.com).<\/p>\n\n\n\n<p class=\"has-medium-font-size\"><strong>LOS MESES DE JULIO Y AGOSTO SOLO ATENDEMOS PRESENCIALMENTE CON CITA PREVIA<\/strong> (P\u00eddenos cita previa a trav\u00e9s del 622 114 460)<\/p>\n\n\n\n<p class=\"has-text-color has-medium-font-size\" style=\"color:#000000\"><\/p>\n\n\n\n<p class=\"has-medium-font-size\"><strong>\u00a1\u00a1FELIZ VERANO!! <\/strong>\ud83d\udc9c<\/p>\n\n\n\n<figure class=\"wp-block-image\"><img loading=\"lazy\" width=\"1024\" height=\"768\" src=\"http:\/\/viajesthessalia.com\/wp-content\/uploads\/2020\/04\/IMG-20190307-WA0003-1-1024x768.jpg\" alt=\"\" class=\"wp-image-135\" srcset=\"http:\/\/viajesthessalia.com\/wp-content\/uploads\/2020\/04\/IMG-20190307-WA0003-1-1024x768.jpg 1024w, http:\/\/viajesthessalia.com\/wp-content\/uploads\/2020\/04\/IMG-20190307-WA0003-1-300x225.jpg 300w, http:\/\/viajesthessalia.com\/wp-content\/uploads\/2020\/04\/IMG-20190307-WA0003-1-768x576.jpg 768w, http:\/\/viajesthessalia.com\/wp-content\/uploads\/2020\/04\/IMG-20190307-WA0003-1-80x60.jpg 80w, http:\/\/viajesthessalia.com\/wp-content\/uploads\/2020\/04\/IMG-20190307-WA0003-1.jpg 1599w\" sizes=\"(max-width: 1024px) 100vw, 1024px\" \/><\/figure>\n","protected":false},"excerpt":{"rendered":"<p>\u00a1P\u00eddenos cita previa! Durante los meses de Julio y Agosto estamos activos de forma telem\u00e1tica y lo hacemos atendi\u00e9ndote, de lunes a viernes, a trav\u00e9s de nuestros habituales canales de comunicaci\u00f3n: tel\u00e9fono y whatsapp (622 114 460) y email (agencia@viajesthessalia.com). LOS MESES DE JULIO Y AGOSTO SOLO ATENDEMOS PRESENCIALMENTE CON CITA PREVIA (P\u00eddenos cita previa a trav\u00e9s del 622 114 460) \u00a1\u00a1FELIZ VERANO!! \ud83d\udc9c<\/p>\n","protected":false},"author":1,"featured_media":72,"parent":0,"menu_order":0,"comment_status":"closed","ping_status":"closed","template":"","meta":[],"_links":{"self":[{"href":"http:\/\/viajesthessalia.com\/index.php\/wp-json\/wp\/v2\/pages\/70"}],"collection":[{"href":"http:\/\/viajesthessalia.com\/index.php\/wp-json\/wp\/v2\/pages"}],"about":[{"href":"http:\/\/viajesthessalia.com\/index.php\/wp-json\/wp\/v2\/types\/page"}],"author":[{"embeddable":true,"href":"http:\/\/viajesthessalia.com\/index.php\/wp-json\/wp\/v2\/users\/1"}],"replies":[{"embeddable":true,"href":"http:\/\/viajesthessalia.com\/index.php\/wp-json\/wp\/v2\/comments?post=70"}],"version-history":[{"count":13,"href":"http:\/\/viajesthessalia.com\/index.php\/wp-json\/wp\/v2\/pages\/70\/revisions"}],"predecessor-version":[{"id":1125,"href":"http:\/\/viajesthessalia.com\/index.php\/wp-json\/wp\/v2\/pages\/70\/revisions\/1125"}],"wp:featuredmedia":[{"embeddable":true,"href":"http:\/\/viajesthessalia.com\/index.php\/wp-json\/wp\/v2\/media\/72"}],"wp:attachment":[{"href":"http:\/\/viajesthessalia.com\/index.php\/wp-json\/wp\/v2\/media?parent=70"}],"curies":[{"name":"wp","href":"https:\/\/api.w.org\/{rel}","templated":true}]}}