{"id":81,"date":"2020-04-21T12:17:13","date_gmt":"2020-04-21T10:17:13","guid":{"rendered":"http:\/\/viajesthessalia.com\/?page_id=81"},"modified":"2020-05-05T19:31:22","modified_gmt":"2020-05-05T17:31:22","slug":"opiniones","status":"publish","type":"page","link":"http:\/\/viajesthessalia.com\/index.php\/opiniones\/","title":{"rendered":"OPINIONES"},"content":{"rendered":"\n<h2>Nos preocupa mucho la satisfacci\u00f3n de nuestros clientes. Y nos gusta escucharos y leeros. Aqu\u00ed os mostramos algunas rese\u00f1as que nos han dejado en Google Reviews.<\/h2>\n\n\n\n<div class=\"wp-block-image\"><figure class=\"aligncenter\"><img loading=\"lazy\" width=\"299\" height=\"150\" src=\"http:\/\/viajesthessalia.com\/wp-content\/uploads\/2020\/04\/GoogleReviews.jpg\" alt=\"\" class=\"wp-image-122\" srcset=\"http:\/\/viajesthessalia.com\/wp-content\/uploads\/2020\/04\/GoogleReviews.jpg 299w, http:\/\/viajesthessalia.com\/wp-content\/uploads\/2020\/04\/GoogleReviews-120x60.jpg 120w\" sizes=\"(max-width: 299px) 100vw, 299px\" \/><\/figure><\/div>\n\n\n\n<blockquote class=\"wp-block-quote\"><p><strong>\u00abGran profesionalidad y experiencia. Viajes personalizados con precios sin competencia. Muy satisfecho con todo.\u00bb<\/strong><\/p><cite>JM BD<\/cite><\/blockquote>\n\n\n\n<blockquote class=\"wp-block-quote\"><p><strong> \u00abContratamos el viaje de novios y sali\u00f3 todo super bien. Es muy profesional y te lo explica todo muy claro. \u00ab<\/strong><\/p><cite>Jes\u00fas Ruiz<\/cite><\/blockquote>\n\n\n\n<blockquote class=\"wp-block-quote\"><p><strong> \u00abYo no viajo con otra agencia que no sea esta, super atenta y un trato de 10. Inmejorable!.\u00bb<\/strong><\/p><cite>Trini Gallego<\/cite><\/blockquote>\n\n\n\n<blockquote class=\"wp-block-quote\"><p> <strong>\u00abEs uno de esos pocas agencias de #Viajes q sorprenden gratamente. Con un trato amable.<br>! Volver\u00e9 \ud83d\ude09 \ud83d\ude09 .\u00bb<\/strong><\/p><cite>Jes\u00fas Mart\u00ednez<\/cite><\/blockquote>\n\n\n\n<blockquote class=\"wp-block-quote\"><p><strong>\u00abPerfecto\u00bb<\/strong><\/p><cite>paloma8394<\/cite><\/blockquote>\n\n\n\n<p style=\"color:#000000\" class=\"has-text-color has-medium-font-size\"><strong>Agradecemos mucho todas vuestras opiniones. Nos sirven para seguir mejorando el servicio ofrecido a todos nuestros clientes. Recuerda que puedes dejarnos tu opini\u00f3n en Google Reviews pinchando en el enlace de abajo.<\/strong><\/p>\n\n\n\n<p><strong><a href=\"https:\/\/www.google.com\/search?biw=1366&amp;bih=657&amp;ei=2y6fXoupDN-ejLsPhf2KqAY&amp;q=viajes+thessalia&amp;oq=viajes+thessalia&amp;gs_lcp=CgZwc3ktYWIQAzICCAAyAggAMgIIJjoECAAQRzoFCAAQgwE6BAgAEEM6BAgAEAo6BggAEBYQHlCiiWxYjqFsYPGjbGgAcAF4AIABrwGIAcwMkgEEMTEuNZgBAKABAaoBB2d3cy13aXo&amp;sclient=psy-ab&amp;ved=0ahUKEwjLguGFh_roAhVfD2MBHYW-AmUQ4dUDCAw&amp;uact=5#lrd=0xd648006cc5ffbd5:0xca60f95b6c09f1af,1,,,\" target=\"_blank\" rel=\"noreferrer noopener\" aria-label=\"D\u00e9janos tu opini\u00f3n aqu\u00ed. (abre en una nueva pesta\u00f1a)\">D\u00e9janos tu opini\u00f3n aqu\u00ed.<\/a><\/strong><\/p>\n","protected":false},"excerpt":{"rendered":"<p>Nos preocupa mucho la satisfacci\u00f3n de nuestros clientes. Y nos gusta escucharos y leeros. Aqu\u00ed os mostramos algunas rese\u00f1as que nos han dejado en Google Reviews. \u00abGran profesionalidad y experiencia. Viajes personalizados con precios sin competencia. Muy satisfecho con todo.\u00bb JM BD \u00abContratamos el viaje de novios y sali\u00f3 todo super bien. Es muy profesional y te lo explica todo muy claro. \u00ab Jes\u00fas Ruiz \u00abYo no viajo con otra agencia que no sea esta, super atenta y un trato de 10. Inmejorable!.\u00bb Trini Gallego \u00abEs uno de esos pocas agencias de #Viajes q sorprenden gratamente. Con un trato amable.!<\/p>\n","protected":false},"author":1,"featured_media":120,"parent":0,"menu_order":0,"comment_status":"closed","ping_status":"closed","template":"","meta":[],"_links":{"self":[{"href":"http:\/\/viajesthessalia.com\/index.php\/wp-json\/wp\/v2\/pages\/81"}],"collection":[{"href":"http:\/\/viajesthessalia.com\/index.php\/wp-json\/wp\/v2\/pages"}],"about":[{"href":"http:\/\/viajesthessalia.com\/index.php\/wp-json\/wp\/v2\/types\/page"}],"author":[{"embeddable":true,"href":"http:\/\/viajesthessalia.com\/index.php\/wp-json\/wp\/v2\/users\/1"}],"replies":[{"embeddable":true,"href":"http:\/\/viajesthessalia.com\/index.php\/wp-json\/wp\/v2\/comments?post=81"}],"version-history":[{"count":3,"href":"http:\/\/viajesthessalia.com\/index.php\/wp-json\/wp\/v2\/pages\/81\/revisions"}],"predecessor-version":[{"id":125,"href":"http:\/\/viajesthessalia.com\/index.php\/wp-json\/wp\/v2\/pages\/81\/revisions\/125"}],"wp:featuredmedia":[{"embeddable":true,"href":"http:\/\/viajesthessalia.com\/index.php\/wp-json\/wp\/v2\/media\/120"}],"wp:attachment":[{"href":"http:\/\/viajesthessalia.com\/index.php\/wp-json\/wp\/v2\/media?parent=81"}],"curies":[{"name":"wp","href":"https:\/\/api.w.org\/{rel}","templated":true}]}}