{"id":50,"date":"2020-04-20T19:42:33","date_gmt":"2020-04-20T17:42:33","guid":{"rendered":"http:\/\/viajesthessalia.com\/?page_id=50"},"modified":"2022-06-17T19:30:12","modified_gmt":"2022-06-17T17:30:12","slug":"donde-estamos","status":"publish","type":"page","link":"https:\/\/viajesthessalia.com\/index.php\/donde-estamos\/","title":{"rendered":"\u00bfDONDE ESTAMOS?"},"content":{"rendered":"\n<h2>Est\u00e9s d\u00f3nde est\u00e9s, estamos muy cerca de t\u00ed&#8230;<\/h2>\n\n\n\n<p><\/p>\n\n\n\n<p style=\"color:#000000\" class=\"has-text-color has-medium-font-size\">Nuestra oficina est\u00e1 situada en la <strong>calle Pintor Sorolla, 18 de Alcantarilla (Murcia).&nbsp;<\/strong><\/p>\n\n\n\n<div class=\"mapouter\"><div class=\"gmap_canvas\"><iframe loading=\"lazy\" width=\"750\" height=\"500\" id=\"gmap_canvas\" src=\"https:\/\/maps.google.com\/maps?q=viajes%20thessalia&#038;t=k&#038;z=15&#038;ie=UTF8&#038;iwloc=&#038;output=embed\" frameborder=\"0\" scrolling=\"no\" marginheight=\"0\" marginwidth=\"0\"><\/iframe>https:\/\/www.embedgooglemap.net\/blog\/aliexpress-coupon-promo-code\/\u00bb>do it best coupon code<\/a><\/div><style>.mapouter{position:relative;text-align:right;height:500px;width:750px;}.gmap_canvas {overflow:hidden;background:none!important;height:500px;width:750px;}<\/style><\/div>\n\n\n\n<p style=\"color:#000000\" class=\"has-text-color has-medium-font-size\"><\/p>\n\n\n\n<p style=\"color:#000000\" class=\"has-text-color has-medium-font-size\">Actualmente, mantenemos abierta nuestra oficina en el siguiente horario:<\/p>\n\n\n\n<p style=\"text-align:center\" class=\"has-medium-font-size\"><strong>LUNES A VIERNES:\u00a011:00\u00a0&#8211; 13:00\u00a0\/\/\u00a017:00\u00a0&#8211;\u00a020:30<\/strong><\/p>\n\n\n\n<p><strong>&nbsp;&nbsp;&nbsp;&nbsp;&nbsp;&nbsp;&nbsp;&nbsp;&nbsp;&nbsp;&nbsp;&nbsp;&nbsp;&nbsp;&nbsp;&nbsp;<\/strong><\/p>\n\n\n\n<p><\/p>\n\n\n\n<p><br><\/p>\n\n\n\n<p style=\"color:#000000\" class=\"has-text-color has-medium-font-size\">Adem\u00e1s, puedes localizarnos en el tel\u00e9fono 622 11 44 60 (llamadas y whatsapp) y a trav\u00e9s de email en agencia@viajesthessalia.com.<\/p>\n\n\n\n<p><\/p>\n\n\n\n<p><\/p>\n\n\n\n<p><\/p>\n\n\n\n<p style=\"color:#000000\" class=\"has-text-color has-large-font-size\">\u00a1Esperamos veros muy pronto por nuestra oficina!<\/p>\n\n\n\n<p><\/p>\n\n\n\n<figure class=\"wp-block-image is-resized\"><img loading=\"lazy\" src=\"http:\/\/viajesthessalia.com\/wp-content\/uploads\/2020\/04\/FraseViaje3.jpg\" alt=\"\" class=\"wp-image-202\" width=\"750\" height=\"547\"\/><\/figure>\n\n\n\n<p>                                                          <\/p>\n","protected":false},"excerpt":{"rendered":"<p>Est\u00e9s d\u00f3nde est\u00e9s, estamos muy cerca de t\u00ed&#8230; Nuestra oficina est\u00e1 situada en la calle Pintor Sorolla, 18 de Alcantarilla (Murcia).&nbsp; https:\/\/www.embedgooglemap.net\/blog\/aliexpress-coupon-promo-code\/\u00bb>do it best coupon code Actualmente, mantenemos abierta nuestra oficina en el siguiente horario: LUNES A VIERNES:\u00a011:00\u00a0&#8211; 13:00\u00a0\/\/\u00a017:00\u00a0&#8211;\u00a020:30 &nbsp;&nbsp;&nbsp;&nbsp;&nbsp;&nbsp;&nbsp;&nbsp;&nbsp;&nbsp;&nbsp;&nbsp;&nbsp;&nbsp;&nbsp;&nbsp; Adem\u00e1s, puedes localizarnos en el tel\u00e9fono 622 11 44 60 (llamadas y whatsapp) y a trav\u00e9s de email en agencia@viajesthessalia.com. \u00a1Esperamos veros muy pronto por nuestra oficina!<\/p>\n","protected":false},"author":1,"featured_media":172,"parent":0,"menu_order":0,"comment_status":"closed","ping_status":"closed","template":"","meta":[],"_links":{"self":[{"href":"https:\/\/viajesthessalia.com\/index.php\/wp-json\/wp\/v2\/pages\/50"}],"collection":[{"href":"https:\/\/viajesthessalia.com\/index.php\/wp-json\/wp\/v2\/pages"}],"about":[{"href":"https:\/\/viajesthessalia.com\/index.php\/wp-json\/wp\/v2\/types\/page"}],"author":[{"embeddable":true,"href":"https:\/\/viajesthessalia.com\/index.php\/wp-json\/wp\/v2\/users\/1"}],"replies":[{"embeddable":true,"href":"https:\/\/viajesthessalia.com\/index.php\/wp-json\/wp\/v2\/comments?post=50"}],"version-history":[{"count":25,"href":"https:\/\/viajesthessalia.com\/index.php\/wp-json\/wp\/v2\/pages\/50\/revisions"}],"predecessor-version":[{"id":999,"href":"https:\/\/viajesthessalia.com\/index.php\/wp-json\/wp\/v2\/pages\/50\/revisions\/999"}],"wp:featuredmedia":[{"embeddable":true,"href":"https:\/\/viajesthessalia.com\/index.php\/wp-json\/wp\/v2\/media\/172"}],"wp:attachment":[{"href":"https:\/\/viajesthessalia.com\/index.php\/wp-json\/wp\/v2\/media?parent=50"}],"curies":[{"name":"wp","href":"https:\/\/api.w.org\/{rel}","templated":true}]}}